prime factors of (-85*(-6)/2 - d) + -4.
2, 127
Suppose -2*h + 3 = -7. What are the prime factors of (-26)/h + 5 + 566/5?
113
Suppose -36 = 4*l + 12. Let w = l + -4. List the prime factors of (-9)/12 + (-476)/w.
29
Let u(i) be the third derivative of 173*i**4/24 + 2*i**3/3 - 31*i**2. What are the prime factors of u(1)?
3, 59
Suppose -5*a = -2*o + 2378, 0 = -2*a + 4*a - 4. What are the prime factors of o?
2, 3, 199
Let g(r) = 6 + 17 - 1 - 2*r + 3*r. What are the prime factors of g(0)?
2, 11
Let b(f) = 2*f**2 - 28*f. Let l be b(14). List the prime factors of 4*(l + -1) - (3 + -19).
2, 3
Let v = 96 - 91. Suppose 321 = 8*p - v*p. What are the prime factors of p?
107
Let b be (2 - 1)/(1/59). Suppose 0 = 3*x - t - b, 0*x = -x - 4*t + 24. What are the prime factors of (72/x)/((-2)/(-10))?
2, 3
Suppose 5*w = o + 2*o - 4, -5*w + 2 = -o. Suppose -o*y = -q + 63, 3*q + q - 4*y = 236. What are the prime factors of q?
3, 19
Suppose 0 = x - 14 + 8. Suppose 308 + 220 = x*u. List the prime factors of u.
2, 11
Let j = -31 + 635. List the prime factors of j.
2, 151
Let c be (-86)/(-30) - (-6)/45. Suppose p - 251 = -5*s, 0 = -c*s + p + 233 - 76. What are the prime factors of s?
3, 17
List the prime factors of (0 - 190)/(6 + (-184)/30).
3, 5, 19
Let g = 26 - 21. Suppose -4*o + 4*q = -7*o + 22, 0 = -g*o + 5*q - 10. Suppose -o*a = -0*a - 114. List the prime factors of a.
3, 19
Let f(u) = 8*u**2 - u. Let r be f(-2). Suppose 0 = r*h - 35*h + 115. What are the prime factors of h?
5, 23
Let d(i) = 242*i + 97. What are the prime factors of d(11)?
31, 89
Suppose 362 = -3*g + y + 7416, 2*y = -8. What are the prime factors of g?
2, 5, 47
Suppose 5*v + 35 = 4*t, v + 4 = 1. Suppose -n = -3*s - t*n + 27, -2*s + 4 = -2*n. Suppose -2*c + c + 9 = 2*d, 2*c = -s*d + 18. What are the prime factors of c?
3
Suppose -1027 - 3548 = -15*h. List the prime factors of h.
5, 61
Let a = -32 - -33. Let z(m) = 9*m + 2. List the prime factors of z(a).
11
Let k(u) = -39*u - 302. List the prime factors of k(-33).
5, 197
Suppose 3*q + 2665 = 5*w, -113 = w - 3*q - 634. List the prime factors of w.
2, 67
Let l(s) = -2*s**2 - 2*s + 2. Let m be l(-2). Let v be ((m + 3)*0)/(-2). Suppose v = 3*p - 73 + 4. What are the prime factors of p?
23
Let i(n) = 4*n + 12. Let d be i(-3). Suppose -t = 5, -u + 2*t + 10 = -4*u. Suppose -3*y + d*y + 114 = u. List the prime factors of y.
2, 19
Suppose -3*v + s = -5, 13 = 4*v + s + 4. Suppose v*u = -2*k + 206, 2*k - 310 = -3*u - 2*k. List the prime factors of u.
2, 3, 17
Suppose -2 - 4 = 2*k, 5 = 2*x + 3*k. Let a(u) = -u**3 + 8*u**2 - u - 10. What are the prime factors of a(x)?
2
Let u(k) = k**3 - 14*k**2 - 23*k + 40. List the prime factors of u(16).
2, 23
Let q(r) = 15*r + 238. List the prime factors of q(-8).
2, 59
What are the prime factors of (-3363)/(-5) - (-20)/50?
673
Let k(n) = n**2 - 2*n - 1. Let v be k(3). Suppose -46 + 14 = -i + s, 0 = v*i + 3*s - 54. Suppose -6 = -4*m + i. List the prime factors of m.
3
Let g be (10 + -8)*2/1. Suppose 5*i - g*t - 1175 = -5*t, -5*t = -25. What are the prime factors of i?
2, 3, 13
Let f = -51 + 55. Let n(u) = u**2 + 7*u - 9. What are the prime factors of n(f)?
5, 7
Let n = -278 + 860. What are the prime factors of n?
2, 3, 97
Let w = -2 - -13. Suppose -14 - w = -5*j. Suppose 2*m - j*m = -48. List the prime factors of m.
2
Suppose 5 = 67*r - 66*r. Let f(n) = n**2 - 4*n + 9. What are the prime factors of f(r)?
2, 7
Suppose 2929 = -4*a + 12345. List the prime factors of a.
2, 11, 107
Suppose 0 = 4*y + 17 + 19. Let j(w) = w**2 + 9*w + 2. Let f be j(y). Suppose 30 = 3*c + f*c. What are the prime factors of c?
2, 3
Let d(p) be the first derivative of 7*p**3/3 - 2*p - 1. Suppose 2 = -3*z + 4*u + 8, -4*u = 0. List the prime factors of d(z).
2, 13
Suppose -98*r + 52080 = -67*r. List the prime factors of r.
2, 3, 5, 7
Suppose -38*n = -1460 - 13816. What are the prime factors of n?
2, 3, 67
Suppose 8*w = 2*w - 78. Let o(b) = -7*b - 8. What are the prime factors of o(w)?
83
Let p(y) = -7*y + 1. Let i be p(1). Let f(t) = -2*t**2 - 10*t - 9. Let d be f(i). Let r = -3 - d. List the prime factors of r.
2, 3
Let m(q) = -q**3 + 9*q**2 + 8*q - 10. Let f be m(9). Let l = f - -12. List the prime factors of l.
2, 37
Suppose -10*s - 2241 + 13941 = 0. What are the prime factors of s?
2, 3, 5, 13
Let r(s) = s**2 - 2. Let p = 12 + -18. Let o be 40/18 - p/(-27). List the prime factors of r(o).
2
Let k be (12/10)/((-6)/(-20)). Suppose -2*z + 2 + k = 0. Suppose -43 - 20 = -z*c. List the prime factors of c.
3, 7
Suppose 8*f + 2439 = 11*f. List the prime factors of f.
3, 271
Suppose -15*u - 8*u = -22080. List the prime factors of u.
2, 3, 5
Let j(z) = z - 4. Let x be j(8). Suppose -x*m + m = 6. What are the prime factors of 13 + 3/(-1) - m?
2, 3
Suppose 0 = -11*h + 4*h + 3493. List the prime factors of h.
499
Let w = 175 + 362. What are the prime factors of w?
3, 179
List the prime factors of -11 + 5524 + 9 - -7.
3, 19, 97
Let a(h) = 3*h**2 + 7*h + 30. Let r be a(-6). Suppose 3*p = p + r. What are the prime factors of p?
2, 3
Let x(a) = 10*a**2 + 9*a + 41. What are the prime factors of x(-5)?
2, 3, 41
Let s = 6 + -4. Suppose -s*l = 3*l - 15. Suppose -l*b + 42 = -3*c, -2*b = 3*b - c - 54. List the prime factors of b.
2, 5
Let g(c) = c**3 + 4*c**2 + 2*c - 2. Let t be g(-3). Let l = t - 13. What are the prime factors of ((-32)/l)/((-4)/(-6))?
2
Suppose -499 = -7*g + 5325. What are the prime factors of g?
2, 13
Let n = -80 - -126. Suppose 2*l = 4*l + u + 31, -l = 2*u + 23. Let o = n + l. List the prime factors of o.
3, 11
Suppose -2*s + 20 = 72. Let a = 19 + s. Let c = a - -12. List the prime factors of c.
5
Let i be (6 - 2) + (0 - 14). Let t = 18 + i. List the prime factors of t.
2
Suppose -27 = -2*m - z + 2, -4*z = -4*m + 64. Let x be (-9)/15 - (-459)/m. Let f = -17 + x. List the prime factors of f.
13
Suppose -3*c = -0 - 6. Suppose 118 + 10 = 3*q - i, 86 = c*q - i. List the prime factors of q.
2, 3, 7
Let i be (-1)/(-2) - (-74)/(-4). List the prime factors of i/(-4 - 39/(-12)).
2, 3
Let g = -8300 + 11959. What are the prime factors of g?
3659
Suppose -5611 = -2*x - 3*v, 26*v - 28*v + 2807 = x. What are the prime factors of x?
2801
Let a(p) = 4*p**2 - 93. List the prime factors of a(-16).
7, 19
Let a be -2*(-1)/7 - (-564)/84. Suppose -624 = -j - a*j. List the prime factors of j.
2, 3, 13
Let b(u) = -u**3 + 5*u**2 + 7. Let j be b(5). Suppose j*s - 10*s = 6. Let k = s + 11. List the prime factors of k.
3
Let q = 9 - 9. Suppose -9*t + 11*t - 4 = q. Suppose t*s - 37 - 35 = 0. List the prime factors of s.
2, 3
Let a(t) be the third derivative of 11*t**5/10 + t**4/24 + t**3/6 - 15*t**2. List the prime factors of a(-1).
2, 3, 11
Suppose 79 = -3*g - 167. Let d = 127 + g. List the prime factors of d.
3, 5
Suppose -4*n - 3*i + 1594 = -8*i, -5*n = 3*i - 1974. List the prime factors of n.
2, 3, 11
Let a(h) be the third derivative of 5*h**4/8 + h**3/6 + 2*h**2. Let i(j) = j**3 + 31*j**2 + 29*j - 28. Let c be i(-30). What are the prime factors of a(c)?
31
Let g = -10 - -14. Let h be ((-4)/(-6))/(g/(-216)). List the prime factors of -3 + (-1)/(2/h).
3, 5
Let x = 265 - -630. List the prime factors of x.
5, 179
Suppose -3*f = -2*t - 44, 2*f + 5*t = 4*t + 41. Let y be (-6)/(-4) + 63/f. Let j = 27 - y. List the prime factors of j.
2, 11
Suppose -4*a - 7 = 9. Let d be 4 - (a + (6 - 2)). Suppose 2*k - 3*h - 53 = 0, -5*h - 125 = -k - d*k. What are the prime factors of k?
2, 11
Let p = -108 + -88. Let l = p + 340. List the prime factors of l.
2, 3
Let l = -8 - -13. Let w = l + -3. Suppose 2*u - 3*j + w*j = 133, -u = -2*j - 62. What are the prime factors of u?
2, 17
Let i = 3 - -3. Suppose i*x = 4*x. Suppose -h - h + 16 = -2*u, x = -4*h - 5*u + 14. What are the prime factors of h?
2, 3
What are the prime factors of (-57820)/(-42) - (-1)/3?
3, 17
Let y be 12/(-20) - 4/10. Let h be (y + -11)*7/(-14). Suppose 205 = h*c + 31. List the prime factors of c.
29
Let a(v) = 38*v**2 + 8*v + 7. What are the prime factors of a(-3)?
5, 13
Let t(u) = -u**2. Let h(l) = -l**2 + 2*l**2 + 0*l**2 + 5*l**3. Let x(g) = -h(g) + 2*t(g). List the prime factors of x(-2).
2, 7
Suppose 0 = z, -3*z = -5*a - 0*z - 25. Let h(y) = -2*y**3 - 17*y**2 - 6*y + 18. Let f be h(-8). What are the prime factors of (16/a